{"id":22972,"date":"2021-08-21T20:41:46","date_gmt":"2021-08-21T23:41:46","guid":{"rendered":"https:\/\/algimediacao.com.br\/2021\/?page_id=22972"},"modified":"2022-02-25T17:18:58","modified_gmt":"2022-02-25T20:18:58","slug":"credenciamentos","status":"publish","type":"page","link":"https:\/\/algimediacao.com.br\/2021\/credenciamentos\/","title":{"rendered":"CREDENCIAMENTOS"},"content":{"rendered":"<section class=\"vc_row wpb_row vc_row-fluid  vc_custom_1629596520804\"><div class=\"wpb_column vc_column_container vc_col-sm-12  col-xs-mobile-fullwidth\"><div class=\"vc_column-inner \"><div class=\"wpb_wrapper\">[vc_empty_space height=&#8221;60&#8243;]<\/div><\/div><\/div><\/section><section id=\"conima\" data-vc-full-width=\"true\" data-vc-full-width-init=\"false\" class=\"vc_row wpb_row vc_row-fluid  vc_custom_1629596641036 pofo-stretch-content pofo-stretch-row-container\"><div class=\"wpb_column vc_column_container vc_col-sm-3  col-xs-mobile-fullwidth\"><div class=\"vc_column-inner \"><div class=\"wpb_wrapper\">[vc_single_image image=&#8221;23407&#8243; img_size=&#8221;full&#8221;]<\/div><\/div><\/div><div class=\"wpb_column vc_column_container vc_col-sm-9  col-xs-mobile-fullwidth\"><div class=\"vc_column-inner \"><div class=\"wpb_wrapper\"><span class=\"text-extra-dark-gray margin-20px-bottom font-weight-600 solucoes-sliders display-inline-block alt-font text-uppercase heading-style2  vc_custom_1629595581352  heading-1\"  style=\"font-size: 1.8em; line-height: 1.8em;\" data-fontsize=\"1.8em\" data-lineheight=\"1.8em\">CONIMA<\/span><div class=\"montserrat-texto credenciamento-descricao  vc_custom_1629596013538 last-paragraph-no-margin\"><p>Conselho Nacional das Institui\u00e7\u00f5es de Media\u00e7\u00e3o e Arbitragem<\/p>\n<\/div><div class=\"montserrat-texto credenciamento-link  vc_custom_1632829346515 last-paragraph-no-margin\"><p><a href=\"https:\/\/conima.org.br\/\">https:\/\/www.conima.org.br<\/a><\/p>\n<\/div><div class=\"montserrat-texto credenciamento-texto last-paragraph-no-margin\"><p>O CONIMA, fundado em 1997, tem como objetivo principal congregar e representar as entidades de media\u00e7\u00e3o e arbitragem, visando a excel\u00eancia de sua atua\u00e7\u00e3o, assim como o desenvolvimento e credibilidade dos M\u00e9todos Extrajudiciais de Solu\u00e7\u00e3o de Controv\u00e9rsias, sempre observando as normas t\u00e9cnicas e, sobretudo, a \u00e9tica.<br \/>\nA Ana Luiza Isoldi participou do CONIMA como Assessora da Presid\u00eancia (2008\/2009), Presidente da Comiss\u00e3o de Mediadores (2009\/2011) e Diretora de M\u00e9todos Extrajudiciais de Solu\u00e7\u00e3o de Controv\u00e9rsias (2011\/2013). Atualmente colabora como Coordenadora do Comit\u00ea de Assuntos Legislativos (2019\/2020).<br \/>\nA ALGI \u00e9 filiada ao Conima desde 2013.<\/p>\n<\/div><\/div><\/div><\/div><\/section><div class=\"vc_row-full-width vc_clearfix\"><\/div><section id=\"cbar\" data-vc-full-width=\"true\" data-vc-full-width-init=\"false\" class=\"vc_row wpb_row vc_row-fluid  vc_custom_1629596747341 pofo-stretch-content pofo-stretch-row-container\"><div class=\"wpb_column vc_column_container vc_col-sm-3  col-xs-mobile-fullwidth\"><div class=\"vc_column-inner \"><div class=\"wpb_wrapper\">[vc_single_image image=&#8221;23406&#8243; img_size=&#8221;full&#8221;]<\/div><\/div><\/div><div class=\"wpb_column vc_column_container vc_col-sm-9  col-xs-mobile-fullwidth\"><div class=\"vc_column-inner \"><div class=\"wpb_wrapper\"><span class=\"text-extra-dark-gray margin-20px-bottom font-weight-600 solucoes-sliders display-inline-block alt-font text-uppercase heading-style2  vc_custom_1629596374371  heading-2\"  style=\"font-size: 1.8em; line-height: 1.8em;\" data-fontsize=\"1.8em\" data-lineheight=\"1.8em\">CBAr<\/span><div class=\"montserrat-texto credenciamento-descricao  vc_custom_1629596385304 last-paragraph-no-margin\"><p>Comit\u00ea Brasileiro de Arbitragem<\/p>\n<\/div><div class=\"montserrat-texto credenciamento-link  vc_custom_1632829504630 last-paragraph-no-margin\"><p><a href=\"https:\/\/www.cbar.org.br\/\">https:\/\/www.cbar.org.br\/<\/a><\/p>\n<\/div><div class=\"montserrat-texto credenciamento-texto last-paragraph-no-margin\"><p>O CBAr, fundado em 2001, \u00e9 uma associa\u00e7\u00e3o sem fins lucrativos, que tem como principal finalidade o estudo acad\u00eamico da arbitragem e dos m\u00e9todos n\u00e3o judiciais de solu\u00e7\u00e3o de controv\u00e9rsias. Para difundir e promover o instituto da arbitragem, o CBAr realiza Congressos e Semin\u00e1rios de n\u00edvel nacional e internacional, al\u00e9m de publicar a Revista Brasileira de Arbitragem, pela Editora Kluwer.<br \/>\nDesenvolve v\u00e1rios grupos de estudos, dentre eles o GEMEP \u2013 Grupo de Estudos de Media\u00e7\u00e3o Empresarial Privada.<br \/>\nA Ana Luiza Isoldi participou do CBAR como primeira Coordenadora do GEMEP (2012\/2016). Atualmente colabora como Membro da Comiss\u00e3o de Assuntos Legislativos (2019\/2021).<br \/>\n\u00c9 filiada ao CBAR desde 2013.<\/p>\n<\/div><\/div><\/div><\/div><\/section><div class=\"vc_row-full-width vc_clearfix\"><\/div><section id=\"icml\" data-vc-full-width=\"true\" data-vc-full-width-init=\"false\" class=\"vc_row wpb_row vc_row-fluid  vc_custom_1629596759191 pofo-stretch-content pofo-stretch-row-container\"><div class=\"wpb_column vc_column_container vc_col-sm-3  col-xs-mobile-fullwidth\"><div class=\"vc_column-inner \"><div class=\"wpb_wrapper\">[vc_single_image image=&#8221;23408&#8243; img_size=&#8221;full&#8221;]<\/div><\/div><\/div><div class=\"wpb_column vc_column_container vc_col-sm-9  col-xs-mobile-fullwidth\"><div class=\"vc_column-inner \"><div class=\"wpb_wrapper\"><span class=\"text-extra-dark-gray margin-20px-bottom font-weight-600 solucoes-sliders display-inline-block alt-font text-uppercase heading-style2  vc_custom_1629596555248  heading-3\"  style=\"font-size: 1.8em; line-height: 1.8em;\" data-fontsize=\"1.8em\" data-lineheight=\"1.8em\">ICML<\/span><div class=\"montserrat-texto credenciamento-descricao  vc_custom_1629596564613 last-paragraph-no-margin\"><p>Instituto de Certifica\u00e7\u00e3o e Forma\u00e7\u00e3o de Mediadores Lus\u00f3fonos<\/p>\n<\/div><div class=\"montserrat-texto credenciamento-link  vc_custom_1632829483018 last-paragraph-no-margin\"><p><a href=\"https:\/\/www.icfml.org\/\">https:\/\/www.icfml.org\/<\/a><\/p>\n<\/div><div class=\"montserrat-texto credenciamento-texto last-paragraph-no-margin\"><p>O ICFML, fundado em 2011, \u00e9 uma organiza\u00e7\u00e3o sem fins lucrativos de direito portugu\u00eas, que atua como o principal \u00f3rg\u00e3o independente de padr\u00f5es profissionais para media\u00e7\u00e3o em Portugal, Brasil, e todos os pa\u00edses lus\u00f3fonos, cuja voca\u00e7\u00e3o \u00e9 certificar mediadores visando o desenvolvimento da media\u00e7\u00e3o com profissionais competentes. Trabalha em colabora\u00e7\u00e3o com o Internacional Mediation Institute(IMI), com o Singapure International Mediation Institute (SIMI) e com o Institut Fran\u00e7ais de Certification de M\u00e9diateurs (IFCM) para certifica\u00e7\u00e3o de mediadores e de advogados em media\u00e7\u00e3o, avaliando, na pr\u00e1tica, as compet\u00eancias e habilidades destes profissionais.<br \/>\nA Ana Luiza Isoldi colaborou com a funda\u00e7\u00e3o do ICFML Brasil, e fez parte do Board como Vice-Presid\u00eancia de Certifica\u00e7\u00e3o de Mediadores (2019\/2020).<br \/>\nA Algi \u00e9 parceira fundadora do ICFML desde 2011.<\/p>\n<\/div><\/div><\/div><\/div><\/section><div class=\"vc_row-full-width vc_clearfix\"><\/div><section class=\"vc_row wpb_row vc_row-fluid  vc_custom_1629596520804\"><div class=\"wpb_column vc_column_container vc_col-sm-12  col-xs-mobile-fullwidth\"><div class=\"vc_column-inner \"><div class=\"wpb_wrapper\">[vc_empty_space height=&#8221;60&#8243;]<\/div><\/div><\/div><\/section><section data-vc-full-width=\"true\" data-vc-full-width-init=\"false\" data-parallax-background-ratio=\"0.5\" class=\"vc_row wpb_row vc_row-fluid  vc_custom_1629809279886 wow fadeIn vc_row-has-fill pofo-stretch-content pofo-stretch-row-container parallax\"><div class=\"bg-extra-dark-gray bg-overlay\" style=\"opacity:0.8; \"><\/div><div class=\"wpb_column vc_column_container vc_col-sm-12  col-xs-mobile-fullwidth\"><div class=\"vc_column-inner \"><div class=\"wpb_wrapper\"><div id=\"pofo-client-image-slider-1\" class=\"swiper-container pofo-client-image-slider-1  white-move\" data-slider-options=\"{&quot;stopOnLastSlide&quot;:true,&quot;disableOnInteraction&quot;:false,&quot;keyboard&quot;:true,&quot;mousewheel&quot;:false,&quot;slidesPerView&quot;:&quot;1&quot;,&quot;breakpoints&quot;:{&quot;768&quot;:{&quot;slidesPerView&quot;:&quot;3&quot;},&quot;992&quot;:{&quot;slidesPerView&quot;:&quot;3&quot;},&quot;1200&quot;:{&quot;slidesPerView&quot;:&quot;3&quot;}},&quot;loop&quot;:true,&quot;autoplay&quot;:false}\"><div class=\"swiper-wrapper\"><div class=\"swiper-slide slide-content-middle text-center\"><a  target=\"_self\" href=\"https:\/\/algimediacao.com.br\/2021\/credenciamentos\/#icfml\"><img loading=\"lazy\" decoding=\"async\" src=\"https:\/\/algimediacao.com.br\/2021\/wp-content\/uploads\/2021\/08\/logo-icfml-100px.png\" width=\"120\" height=\"100\" alt=\"\" srcset=\"https:\/\/algimediacao.com.br\/2021\/wp-content\/uploads\/2021\/08\/logo-icfml-100px.png 120w, https:\/\/algimediacao.com.br\/2021\/wp-content\/uploads\/2021\/08\/logo-icfml-100px-81x68.png 81w\" sizes=\"auto, (max-width: 120px) 100vw, 120px\"\/><\/a><\/div><div class=\"swiper-slide slide-content-middle text-center\"><a  target=\"_self\" href=\"https:\/\/algimediacao.com.br\/2021\/credenciamentos\/#conima\"><img loading=\"lazy\" decoding=\"async\" src=\"https:\/\/algimediacao.com.br\/2021\/wp-content\/uploads\/2021\/08\/logo-conima-branco-100px.png\" width=\"170\" height=\"100\" alt=\"\" srcset=\"https:\/\/algimediacao.com.br\/2021\/wp-content\/uploads\/2021\/08\/logo-conima-branco-100px.png 170w, https:\/\/algimediacao.com.br\/2021\/wp-content\/uploads\/2021\/08\/logo-conima-branco-100px-120x71.png 120w, https:\/\/algimediacao.com.br\/2021\/wp-content\/uploads\/2021\/08\/logo-conima-branco-100px-81x48.png 81w\" sizes=\"auto, (max-width: 170px) 100vw, 170px\"\/><\/a><\/div><div class=\"swiper-slide slide-content-middle text-center\"><a  target=\"_self\" href=\"https:\/\/algimediacao.com.br\/2021\/credenciamentos\/#cbar\"><img loading=\"lazy\" decoding=\"async\" src=\"https:\/\/algimediacao.com.br\/2021\/wp-content\/uploads\/2021\/09\/cbar_pb.png\" width=\"300\" height=\"300\" alt=\"\" srcset=\"https:\/\/algimediacao.com.br\/2021\/wp-content\/uploads\/2021\/09\/cbar_pb.png 300w, https:\/\/algimediacao.com.br\/2021\/wp-content\/uploads\/2021\/09\/cbar_pb-150x150.png 150w, https:\/\/algimediacao.com.br\/2021\/wp-content\/uploads\/2021\/09\/cbar_pb-120x120.png 120w, https:\/\/algimediacao.com.br\/2021\/wp-content\/uploads\/2021\/09\/cbar_pb-81x81.png 81w\" sizes=\"auto, (max-width: 300px) 100vw, 300px\"\/><\/a><\/div><\/div><\/div><\/div><\/div><\/div><\/section><div class=\"vc_row-full-width vc_clearfix\"><\/div>\n","protected":false},"excerpt":{"rendered":"[vc_empty_space height=\"60\"][vc_single_image image=\"23407\" img_size=\"full\"]CONIMAConselho Nacional das Institui\u00e7\u00f5es de Media\u00e7\u00e3o e Arbitragem https:\/\/www.conima.org.br O CONIMA, fundado em 1997, tem como objetivo principal congregar e representar as entidades de media\u00e7\u00e3o e arbitragem, visando a excel\u00eancia de sua atua\u00e7\u00e3o, assim como o desenvolvimento e credibilidade dos M\u00e9todos Extrajudiciais de Solu\u00e7\u00e3o de Controv\u00e9rsias, sempre observando as normas t\u00e9cnicas e, sobretudo, a \u00e9tica. A Ana Luiza Isoldi participou do CONIMA como Assessora da Presid\u00eancia (2008\/2009), Presidente da Comiss\u00e3o de Mediadores (2009\/2011) e Diretora de M\u00e9todos Extrajudiciais de Solu\u00e7\u00e3o de Controv\u00e9rsias (2011\/2013). Atualmente colabora como Coordenadora do Comit\u00ea de Assuntos Legislativos (2019\/2020). A ALGI \u00e9 filiada ao Conima desde 2013. [vc_single_image image=\"23406\" img_size=\"full\"]CBArComit\u00ea Brasileiro de Arbitragem https:\/\/www.cbar.org.br\/ O CBAr, fundado em 2001, \u00e9 uma associa\u00e7\u00e3o sem fins lucrativos, que tem como principal finalidade o estudo acad\u00eamico da arbitragem e dos m\u00e9todos n\u00e3o judiciais de solu\u00e7\u00e3o de controv\u00e9rsias. Para difundir e promover o instituto da arbitragem, o CBAr realiza Congressos e Semin\u00e1rios de n\u00edvel nacional e internacional, al\u00e9m de publicar a Revista Brasileira de Arbitragem, pela Editora Kluwer. Desenvolve v\u00e1rios grupos de estudos, dentre eles o GEMEP \u2013 Grupo de Estudos de Media\u00e7\u00e3o Empresarial Privada. A Ana Luiza Isoldi participou do CBAR como primeira Coordenadora do GEMEP...","protected":false},"author":1,"featured_media":0,"parent":0,"menu_order":0,"comment_status":"closed","ping_status":"closed","template":"","meta":{"footnotes":""},"class_list":["post-22972","page","type-page","status-publish","hentry"],"_links":{"self":[{"href":"https:\/\/algimediacao.com.br\/2021\/wp-json\/wp\/v2\/pages\/22972","targetHints":{"allow":["GET"]}}],"collection":[{"href":"https:\/\/algimediacao.com.br\/2021\/wp-json\/wp\/v2\/pages"}],"about":[{"href":"https:\/\/algimediacao.com.br\/2021\/wp-json\/wp\/v2\/types\/page"}],"author":[{"embeddable":true,"href":"https:\/\/algimediacao.com.br\/2021\/wp-json\/wp\/v2\/users\/1"}],"replies":[{"embeddable":true,"href":"https:\/\/algimediacao.com.br\/2021\/wp-json\/wp\/v2\/comments?post=22972"}],"version-history":[{"count":16,"href":"https:\/\/algimediacao.com.br\/2021\/wp-json\/wp\/v2\/pages\/22972\/revisions"}],"predecessor-version":[{"id":25325,"href":"https:\/\/algimediacao.com.br\/2021\/wp-json\/wp\/v2\/pages\/22972\/revisions\/25325"}],"wp:attachment":[{"href":"https:\/\/algimediacao.com.br\/2021\/wp-json\/wp\/v2\/media?parent=22972"}],"curies":[{"name":"wp","href":"https:\/\/api.w.org\/{rel}","templated":true}]}}